{"id":4229,"date":"2022-06-27T17:23:53","date_gmt":"2022-06-27T15:23:53","guid":{"rendered":"https:\/\/ismma.ac.mz\/site\/?page_id=4229"},"modified":"2022-08-04T16:44:21","modified_gmt":"2022-08-04T14:44:21","slug":"estudantes","status":"publish","type":"page","link":"https:\/\/ismma.ac.mz\/site\/estudantes\/","title":{"rendered":"Estudantes"},"content":{"rendered":"\t\t<div data-elementor-type=\"wp-page\" data-elementor-id=\"4229\" class=\"elementor elementor-4229\">\n\t\t\t\t\t\t<section class=\"elementor-section elementor-top-section elementor-element elementor-element-6c97648 elementor-section-boxed elementor-section-gap-beside-yes elementor-section-height-default elementor-section-height-default elementor-section-column-vertical-align-stretch\" data-id=\"6c97648\" data-element_type=\"section\" data-settings=\"{&quot;background_background&quot;:&quot;classic&quot;}\">\n\t\t\t\t\t\t<div class=\"elementor-container elementor-column-gap-default\">\n\t\t\t\t\t<div class=\"elementor-column elementor-col-100 elementor-top-column elementor-element elementor-element-79b47a9\" data-id=\"79b47a9\" data-element_type=\"column\">\n\t\t\t<div class=\"elementor-widget-wrap elementor-element-populated\">\n\t\t\t\t\t\t<div class=\"elementor-element elementor-element-496aca6 elementor-widget elementor-widget-heading\" data-id=\"496aca6\" data-element_type=\"widget\" data-widget_type=\"heading.default\">\n\t\t\t\t<div class=\"elementor-widget-container\">\n\t\t\t\t\t<h3 class=\"elementor-heading-title elementor-size-default\">Estudantes<\/h3>\t\t\t\t<\/div>\n\t\t\t\t<\/div>\n\t\t\t\t<div class=\"elementor-element elementor-element-77f8e55 elementor-widget elementor-widget-text-editor\" data-id=\"77f8e55\" data-element_type=\"widget\" data-widget_type=\"text-editor.default\">\n\t\t\t\t<div class=\"elementor-widget-container\">\n\t\t\t\t\t\t\t\t\t<div>A comunidade acad\u00e9mica do ISMMA \u00e9 constitu\u00edda por um total de 528 estudantes activos no ensino superior e 250 estudantes no ensino t\u00e9cnico m\u00e9dio. A nossa comunidade acad\u00e9mica tem uma associa\u00e7\u00e3o de estudantes e um coral.<\/div>\t\t\t\t\t\t\t\t<\/div>\n\t\t\t\t<\/div>\n\t\t\t\t<div class=\"elementor-element elementor-element-c9c3eed elementor-arrows-position-inside elementor-pagination-position-outside elementor-widget elementor-widget-image-carousel\" data-id=\"c9c3eed\" data-element_type=\"widget\" data-settings=\"{&quot;slides_to_show&quot;:&quot;4&quot;,&quot;image_spacing_custom&quot;:{&quot;unit&quot;:&quot;px&quot;,&quot;size&quot;:0,&quot;sizes&quot;:[]},&quot;navigation&quot;:&quot;both&quot;,&quot;autoplay&quot;:&quot;yes&quot;,&quot;pause_on_hover&quot;:&quot;yes&quot;,&quot;pause_on_interaction&quot;:&quot;yes&quot;,&quot;autoplay_speed&quot;:5000,&quot;infinite&quot;:&quot;yes&quot;,&quot;speed&quot;:500,&quot;image_spacing_custom_tablet&quot;:{&quot;unit&quot;:&quot;px&quot;,&quot;size&quot;:&quot;&quot;,&quot;sizes&quot;:[]},&quot;image_spacing_custom_mobile&quot;:{&quot;unit&quot;:&quot;px&quot;,&quot;size&quot;:&quot;&quot;,&quot;sizes&quot;:[]}}\" data-widget_type=\"image-carousel.default\">\n\t\t\t\t<div class=\"elementor-widget-container\">\n\t\t\t\t\t\t\t<div class=\"elementor-image-carousel-wrapper swiper\" role=\"region\" aria-roledescription=\"carousel\" aria-label=\"Carrossel de imagens\" dir=\"ltr\">\n\t\t\t<div class=\"elementor-image-carousel swiper-wrapper\" aria-live=\"off\">\n\t\t\t\t\t\t\t\t<div class=\"swiper-slide\" role=\"group\" aria-roledescription=\"slide\" aria-label=\"1 of 6\"><figure class=\"swiper-slide-inner\"><img decoding=\"async\" class=\"swiper-slide-image\" src=\"https:\/\/ismma.ac.mz\/site\/wp-content\/uploads\/2022\/06\/IMG_1413-300x200.jpg\" alt=\"IMG_1413\" \/><\/figure><\/div><div class=\"swiper-slide\" role=\"group\" aria-roledescription=\"slide\" aria-label=\"2 of 6\"><figure class=\"swiper-slide-inner\"><img decoding=\"async\" class=\"swiper-slide-image\" src=\"https:\/\/ismma.ac.mz\/site\/wp-content\/uploads\/2022\/06\/IMG_3225-300x200.jpg\" alt=\"IMG_3225\" \/><\/figure><\/div><div class=\"swiper-slide\" role=\"group\" aria-roledescription=\"slide\" aria-label=\"3 of 6\"><figure class=\"swiper-slide-inner\"><img decoding=\"async\" class=\"swiper-slide-image\" src=\"https:\/\/ismma.ac.mz\/site\/wp-content\/uploads\/2022\/06\/IMG_1705-300x200.jpg\" alt=\"IMG_1705\" \/><\/figure><\/div><div class=\"swiper-slide\" role=\"group\" aria-roledescription=\"slide\" aria-label=\"4 of 6\"><figure class=\"swiper-slide-inner\"><img decoding=\"async\" class=\"swiper-slide-image\" src=\"https:\/\/ismma.ac.mz\/site\/wp-content\/uploads\/2022\/08\/DSC1668-1-300x200.jpg\" alt=\"_DSC1668\" \/><\/figure><\/div><div class=\"swiper-slide\" role=\"group\" aria-roledescription=\"slide\" aria-label=\"5 of 6\"><figure class=\"swiper-slide-inner\"><img decoding=\"async\" class=\"swiper-slide-image\" src=\"https:\/\/ismma.ac.mz\/site\/wp-content\/uploads\/2022\/05\/bg-2-1-300x200.jpg\" alt=\"bg-2-1\" \/><\/figure><\/div><div class=\"swiper-slide\" role=\"group\" aria-roledescription=\"slide\" aria-label=\"6 of 6\"><figure class=\"swiper-slide-inner\"><img decoding=\"async\" class=\"swiper-slide-image\" src=\"https:\/\/ismma.ac.mz\/site\/wp-content\/uploads\/2022\/08\/DSC1614-1-300x200.jpg\" alt=\"_DSC1614\" \/><\/figure><\/div>\t\t\t<\/div>\n\t\t\t\t\t\t\t\t\t\t\t\t<div class=\"elementor-swiper-button elementor-swiper-button-prev\" role=\"button\" tabindex=\"0\">\n\t\t\t\t\t\t<i aria-hidden=\"true\" class=\"eicon-chevron-left\"><\/i>\t\t\t\t\t<\/div>\n\t\t\t\t\t<div class=\"elementor-swiper-button elementor-swiper-button-next\" role=\"button\" tabindex=\"0\">\n\t\t\t\t\t\t<i aria-hidden=\"true\" class=\"eicon-chevron-right\"><\/i>\t\t\t\t\t<\/div>\n\t\t\t\t\n\t\t\t\t\t\t\t\t\t<div class=\"swiper-pagination\"><\/div>\n\t\t\t\t\t\t\t\t\t<\/div>\n\t\t\t\t\t\t<\/div>\n\t\t\t\t<\/div>\n\t\t\t\t<div class=\"elementor-element elementor-element-1b75dcc elementor-widget-divider--view-line_text elementor-widget-divider--element-align-center elementor-widget elementor-widget-divider\" data-id=\"1b75dcc\" data-element_type=\"widget\" data-widget_type=\"divider.default\">\n\t\t\t\t<div class=\"elementor-widget-container\">\n\t\t\t\t\t\t\t<div class=\"elementor-divider\">\n\t\t\t<span class=\"elementor-divider-separator\">\n\t\t\t\t\t\t\t<p class=\"elementor-divider__text elementor-divider__element\">\n\t\t\t\tConstituem direitos do estudante no ISMMA\t\t\t\t<\/p>\n\t\t\t\t\t\t<\/span>\n\t\t<\/div>\n\t\t\t\t\t\t<\/div>\n\t\t\t\t<\/div>\n\t\t\t\t<div class=\"elementor-element elementor-element-7bd33e0 elementor-widget elementor-widget-text-editor\" data-id=\"7bd33e0\" data-element_type=\"widget\" data-widget_type=\"text-editor.default\">\n\t\t\t\t<div class=\"elementor-widget-container\">\n\t\t\t\t\t\t\t\t\t<ul><li>Assistir \u00e0s aulas e tornar parte nos semin\u00e1rios, actividades, exerc\u00edcios e trabalhos acad\u00e9micos;<\/li><li>Obter do ISMMA uma prepara\u00e7\u00e3o humana, cient\u00edfica e t\u00e9cnica de qualidade;<\/li><li>Obter do corpo docente um ensino do n\u00edvel m\u00e9dio ou superior e uma avalia\u00e7\u00e3o congruente com o n\u00edvel de desenvolvimento atingido;<\/li><li>Participar nos \u00f3rg\u00e3os colegiais do Instituto de forma prevista no regulamento;<\/li><li>Eleger os seus representantes nas turmas e nos \u00f3rg\u00e3os colegiais do Instituto;<\/li><li>Formular peti\u00e7\u00f5es e reclama\u00e7\u00f5es aos \u00f3rg\u00e3os do instituto correspondente;<\/li><li>Usar da biblioteca e de outros servi\u00e7os pedag\u00f3gicos a sua disposi\u00e7\u00e3o;<\/li><li>Promover actividades ligadas aos interesses espec\u00edficos da Vida do Instituto atrav\u00e9s dos \u00f3rg\u00e3os existentes;<\/li><li>Dispor no in\u00edcio de cada semestre, do calend\u00e1rio acad\u00e9mico<span style=\"font-family: var(--unicamp-typography-body-font-family); letter-spacing: 0px;\">, do hor\u00e1rio de aulas e do programa das disciplinas;<\/span><\/li><li>Propor os melhoramentos que se considerem oportunos para o bom funcionamento do Instituto;<\/li><li>Ser atendido, escutado e respondido nas suas requisi\u00e7\u00f5es individuais, relacionadas com a vida acad\u00e9mica, sempre e quando utilize os canais e procedimentos adequados.<\/li><\/ul>\t\t\t\t\t\t\t\t<\/div>\n\t\t\t\t<\/div>\n\t\t\t\t<div class=\"elementor-element elementor-element-28533bd elementor-widget-divider--view-line_text elementor-widget-divider--element-align-center elementor-widget elementor-widget-divider\" data-id=\"28533bd\" data-element_type=\"widget\" data-widget_type=\"divider.default\">\n\t\t\t\t<div class=\"elementor-widget-container\">\n\t\t\t\t\t\t\t<div class=\"elementor-divider\">\n\t\t\t<span class=\"elementor-divider-separator\">\n\t\t\t\t\t\t\t<span class=\"elementor-divider__text elementor-divider__element\">\n\t\t\t\tConstituem deveres dos estudantes\t\t\t\t<\/span>\n\t\t\t\t\t\t<\/span>\n\t\t<\/div>\n\t\t\t\t\t\t<\/div>\n\t\t\t\t<\/div>\n\t\t\t\t<div class=\"elementor-element elementor-element-8bfa29c elementor-widget elementor-widget-text-editor\" data-id=\"8bfa29c\" data-element_type=\"widget\" data-widget_type=\"text-editor.default\">\n\t\t\t\t<div class=\"elementor-widget-container\">\n\t\t\t\t\t\t\t\t\t<ul><li>Respeitar os princ\u00edpios enformadores do ISMMA;<\/li><li>Esfor\u00e7ar-se para obter um bom aproveitamento do ensino ministrado;<\/li><li>Observar os regulamentos do ISMMA no que respeita \u00e0 organiza\u00e7\u00e3o pedag\u00f3gica e em especial, no que toca a frequ\u00eancia \u00e0s aulas, \u00e0 execu\u00e7\u00e3o dos trabalhos do Instituto e ao pagamento de taxas e propinas devidas ao ISMMA;<\/li><li>Observar a disciplina institu\u00edda e, em especial, abster-se de actos que possam levar a perturba\u00e7\u00f5es da ordem, a ofensa aos bons costume e ao desrespeito de qualquer membro da comunidade educativa;<\/li><li>Abster-se de manifesta\u00e7\u00f5es de car\u00e1cter pol\u00edtico partid\u00e1rio dentro do ISMMA;<\/li><li>Contribuir para prest\u00edgio e bom nome do ISMMA;<\/li><li>Abster-se de usar o ISMMA para actividades comerciais;<\/li><li>Respeitar e conservar o patrim\u00f3nio material do ISMMA;<\/li><li>Cooperar com os \u00f3rg\u00e3os do ISMMA para realiza\u00e7\u00e3o dos objectivos tra\u00e7ados;<\/li><li>Comparecer em reuni\u00f5es dos \u00f3rg\u00e3os colegiais de que fa\u00e7am parte;<\/li><li>Fornecer na secretaria toda a\u00a0 informa\u00e7\u00e3o pessoal requerida para actualiza\u00e7\u00e3o de dados e emiss\u00e3o de documentos;<\/li><li>Colaborar para a cria\u00e7\u00e3o de um ambiente acad\u00e9mico harm\u00f3nico de qualidade nas rela\u00e7\u00f5es humanas.<\/li><\/ul>\t\t\t\t\t\t\t\t<\/div>\n\t\t\t\t<\/div>\n\t\t\t\t\t<\/div>\n\t\t<\/div>\n\t\t\t\t\t<\/div>\n\t\t<\/section>\n\t\t\t\t<section class=\"elementor-section elementor-top-section elementor-element elementor-element-a89cfe6 elementor-section-full_width elementor-section-gap-beside-yes elementor-section-height-default elementor-section-height-default elementor-section-content-align-center elementor-section-column-vertical-align-stretch\" data-id=\"a89cfe6\" data-element_type=\"section\">\n\t\t\t\t\t\t<div class=\"elementor-container elementor-column-gap-extended\">\n\t\t\t\t\t<div class=\"elementor-column elementor-col-100 elementor-top-column elementor-element elementor-element-493840a\" data-id=\"493840a\" data-element_type=\"column\" data-settings=\"{&quot;background_background&quot;:&quot;classic&quot;}\">\n\t\t\t<div class=\"elementor-widget-wrap elementor-element-populated\">\n\t\t\t\t\t\t<div class=\"elementor-element elementor-element-4d15fd5 elementor-absolute elementor-widget elementor-widget-text-editor\" data-id=\"4d15fd5\" data-element_type=\"widget\" data-settings=\"{&quot;_position&quot;:&quot;absolute&quot;}\" data-widget_type=\"text-editor.default\">\n\t\t\t\t<div class=\"elementor-widget-container\">\n\t\t\t\t\t\t\t\t\t<p>GARANTE O TEU FUTURO<\/p><p>\u00a0<\/p>\t\t\t\t\t\t\t\t<\/div>\n\t\t\t\t<\/div>\n\t\t\t\t<div class=\"elementor-element elementor-element-58fa1cb elementor-widget elementor-widget-text-editor\" data-id=\"58fa1cb\" data-element_type=\"widget\" data-widget_type=\"text-editor.default\">\n\t\t\t\t<div class=\"elementor-widget-container\">\n\t\t\t\t\t\t\t\t\t<p>COM UMA FORMA\u00c7\u00c3O S\u00d3LIDA<\/p>\t\t\t\t\t\t\t\t<\/div>\n\t\t\t\t<\/div>\n\t\t\t\t<div class=\"elementor-element elementor-element-74fbf8c elementor-align-center elementor-widget elementor-widget-tm-separator\" data-id=\"74fbf8c\" data-element_type=\"widget\" data-widget_type=\"tm-separator.default\">\n\t\t\t\t<div class=\"elementor-widget-container\">\n\t\t\t\t\t\t\t<div class=\"tm-separator horizontal-line\">\n\t\t\t<div class=\"inner\"><\/div>\n\t\t<\/div>\n\t\t\t\t\t\t<\/div>\n\t\t\t\t<\/div>\n\t\t\t\t\t<\/div>\n\t\t<\/div>\n\t\t\t\t\t<\/div>\n\t\t<\/section>\n\t\t\t\t<\/div>\n\t\t","protected":false},"excerpt":{"rendered":"<p>Estudantes A comunidade acad\u00e9mica do ISMMA \u00e9 constitu\u00edda por um total de 528 estudantes activos no ensino superior e 250 estudantes no ensino t\u00e9cnico m\u00e9dio. A nossa comunidade acad\u00e9mica tem uma associa\u00e7\u00e3o de estudantes e um coral. Previous Next Constituem direitos do estudante no ISMMA Assistir \u00e0s aulas e tornar parte nos semin\u00e1rios, actividades, exerc\u00edcios e trabalhos acad\u00e9micos; Obter do ISMMA uma prepara\u00e7\u00e3o humana, cient\u00edfica e t\u00e9cnica de qualidade; Obter do corpo docente um ensino do n\u00edvel m\u00e9dio ou superior e uma avalia\u00e7\u00e3o congruente com o n\u00edvel de desenvolvimento atingido; Participar nos \u00f3rg\u00e3os colegiais do Instituto de forma prevista no regulamento; Eleger os seus representantes nas turmas e nos \u00f3rg\u00e3os colegiais do Instituto; Formular peti\u00e7\u00f5es e reclama\u00e7\u00f5es aos \u00f3rg\u00e3os do instituto correspondente; Usar da biblioteca e de outros servi\u00e7os pedag\u00f3gicos a sua disposi\u00e7\u00e3o; Promover actividades ligadas aos interesses espec\u00edficos da Vida do Instituto atrav\u00e9s dos \u00f3rg\u00e3os existentes; Dispor no in\u00edcio de cada semestre, do calend\u00e1rio acad\u00e9mico, do hor\u00e1rio de aulas e do programa das disciplinas; Propor os melhoramentos que se considerem oportunos para o bom funcionamento do Instituto; Ser atendido, escutado e respondido nas suas requisi\u00e7\u00f5es individuais, relacionadas com a vida acad\u00e9mica, sempre e quando utilize os canais e procedimentos adequados. Constituem deveres dos estudantes Respeitar os princ\u00edpios enformadores do ISMMA; Esfor\u00e7ar-se para obter um bom aproveitamento do ensino ministrado; Observar os regulamentos do ISMMA no que respeita \u00e0 organiza\u00e7\u00e3o pedag\u00f3gica e em especial, no que toca a frequ\u00eancia \u00e0s aulas, \u00e0 execu\u00e7\u00e3o dos trabalhos do Instituto e ao pagamento de taxas e propinas devidas ao ISMMA; Observar a disciplina institu\u00edda e, em especial, abster-se de actos que possam levar a perturba\u00e7\u00f5es da ordem, a ofensa aos bons costume e ao desrespeito de qualquer membro da comunidade educativa; Abster-se de manifesta\u00e7\u00f5es de car\u00e1cter pol\u00edtico partid\u00e1rio dentro do ISMMA; Contribuir para prest\u00edgio e bom nome do ISMMA; Abster-se de usar o ISMMA para actividades comerciais; Respeitar e conservar o patrim\u00f3nio material do ISMMA; Cooperar com os \u00f3rg\u00e3os do ISMMA para realiza\u00e7\u00e3o dos objectivos tra\u00e7ados; Comparecer em reuni\u00f5es dos \u00f3rg\u00e3os colegiais de que fa\u00e7am parte; Fornecer na secretaria toda a\u00a0 informa\u00e7\u00e3o pessoal requerida para actualiza\u00e7\u00e3o de dados e emiss\u00e3o de documentos; Colaborar para a cria\u00e7\u00e3o de um ambiente acad\u00e9mico harm\u00f3nico de qualidade nas rela\u00e7\u00f5es humanas. GARANTE O TEU FUTURO \u00a0 COM UMA FORMA\u00c7\u00c3O S\u00d3LIDA<\/p>\n","protected":false},"author":1,"featured_media":0,"parent":0,"menu_order":0,"comment_status":"closed","ping_status":"closed","template":"","meta":{"footnotes":""},"class_list":["post-4229","page","type-page","status-publish","hentry","post-no-thumbnail"],"_links":{"self":[{"href":"https:\/\/ismma.ac.mz\/site\/wp-json\/wp\/v2\/pages\/4229","targetHints":{"allow":["GET"]}}],"collection":[{"href":"https:\/\/ismma.ac.mz\/site\/wp-json\/wp\/v2\/pages"}],"about":[{"href":"https:\/\/ismma.ac.mz\/site\/wp-json\/wp\/v2\/types\/page"}],"author":[{"embeddable":true,"href":"https:\/\/ismma.ac.mz\/site\/wp-json\/wp\/v2\/users\/1"}],"replies":[{"embeddable":true,"href":"https:\/\/ismma.ac.mz\/site\/wp-json\/wp\/v2\/comments?post=4229"}],"version-history":[{"count":9,"href":"https:\/\/ismma.ac.mz\/site\/wp-json\/wp\/v2\/pages\/4229\/revisions"}],"predecessor-version":[{"id":5273,"href":"https:\/\/ismma.ac.mz\/site\/wp-json\/wp\/v2\/pages\/4229\/revisions\/5273"}],"wp:attachment":[{"href":"https:\/\/ismma.ac.mz\/site\/wp-json\/wp\/v2\/media?parent=4229"}],"curies":[{"name":"wp","href":"https:\/\/api.w.org\/{rel}","templated":true}]}}