{"id":3968,"date":"2022-06-10T12:30:08","date_gmt":"2022-06-10T10:30:08","guid":{"rendered":"https:\/\/ismma.ac.mz\/site\/?page_id=3968"},"modified":"2022-07-20T10:27:32","modified_gmt":"2022-07-20T08:27:32","slug":"cursos-religiosos","status":"publish","type":"page","link":"https:\/\/ismma.ac.mz\/site\/cursos-religiosos\/","title":{"rendered":"Cursos Religiosos"},"content":{"rendered":"\t\t<div data-elementor-type=\"wp-page\" data-elementor-id=\"3968\" class=\"elementor elementor-3968\">\n\t\t\t\t\t\t<section class=\"elementor-section elementor-top-section elementor-element elementor-element-8a80da6 elementor-section-boxed elementor-section-gap-beside-yes elementor-section-height-default elementor-section-height-default elementor-section-column-vertical-align-stretch\" data-id=\"8a80da6\" data-element_type=\"section\">\n\t\t\t\t\t\t<div class=\"elementor-container elementor-column-gap-extended\">\n\t\t\t\t\t<div class=\"elementor-column elementor-col-100 elementor-top-column elementor-element elementor-element-7c1e13e\" data-id=\"7c1e13e\" data-element_type=\"column\">\n\t\t\t<div class=\"elementor-widget-wrap elementor-element-populated\">\n\t\t\t\t\t\t<div class=\"elementor-element elementor-element-c431bc0 elementor-widget elementor-widget-template\" data-id=\"c431bc0\" data-element_type=\"widget\" data-widget_type=\"template.default\">\n\t\t\t\t<div class=\"elementor-widget-container\">\n\t\t\t\t\t\t\t<div class=\"elementor-template\">\n\t\t\t\t\t<div data-elementor-type=\"section\" data-elementor-id=\"3680\" class=\"elementor elementor-3680\">\n\t\t\t\t\t<div class=\"elementor-section-wrap\">\n\t\t\t\t\t\t\t\t<section class=\"elementor-section elementor-top-section elementor-element elementor-element-a0b0e96 elementor-section-boxed elementor-section-gap-beside-yes elementor-section-height-default elementor-section-height-default elementor-section-column-vertical-align-stretch\" data-id=\"a0b0e96\" data-element_type=\"section\">\n\t\t\t\t\t\t<div class=\"elementor-container elementor-column-gap-extended\">\n\t\t\t\t\t<div class=\"elementor-column elementor-col-100 elementor-top-column elementor-element elementor-element-673c240\" data-id=\"673c240\" data-element_type=\"column\">\n\t\t\t<div class=\"elementor-widget-wrap elementor-element-populated\">\n\t\t\t\t\t\t<div class=\"elementor-element elementor-element-c91fd07 elementor-widget elementor-widget-toggle\" data-id=\"c91fd07\" data-element_type=\"widget\" data-widget_type=\"toggle.default\">\n\t\t\t\t<div class=\"elementor-widget-container\">\n\t\t\t\t\t\t\t<div class=\"elementor-toggle\">\n\t\t\t\t\t\t\t<div class=\"elementor-toggle-item\">\n\t\t\t\t\t<div id=\"elementor-tab-title-2101\" class=\"elementor-tab-title\" data-tab=\"1\" role=\"button\" aria-controls=\"elementor-tab-content-2101\" aria-expanded=\"false\">\n\t\t\t\t\t\t\t\t\t\t\t\t<span class=\"elementor-toggle-icon elementor-toggle-icon-left\" aria-hidden=\"true\">\n\t\t\t\t\t\t\t\t\t\t\t\t\t\t\t<span class=\"elementor-toggle-icon-closed\"><i class=\"fas fa-caret-right\"><\/i><\/span>\n\t\t\t\t\t\t\t\t<span class=\"elementor-toggle-icon-opened\"><i class=\"elementor-toggle-icon-opened fas fa-caret-up\"><\/i><\/span>\n\t\t\t\t\t\t\t\t\t\t\t\t\t<\/span>\n\t\t\t\t\t\t\t\t\t\t\t\t<a class=\"elementor-toggle-title\" tabindex=\"0\">Teologia da Vida Consagrada (Junioras)<\/a>\n\t\t\t\t\t<\/div>\n\n\t\t\t\t\t<div id=\"elementor-tab-content-2101\" class=\"elementor-tab-content elementor-clearfix\" data-tab=\"1\" role=\"region\" aria-labelledby=\"elementor-tab-title-2101\"><p><strong>Grau Acad\u00e9mico<\/strong><\/p><p>Licenciatura<\/p><p><strong>Dura\u00e7\u00e3o do Curso<\/strong><\/p><p>4 anos<\/p><p>1\u00ba Semestre: de Fevereiro at\u00e9 Julho<br \/>2\u00ba Semestre: de Julho at\u00e9 Novembro<\/p><p><strong>Regime de Estudo\u00a0<\/strong><\/p><p>Presencial<\/p><p><strong>Perfil<\/strong><\/p><p>O Instituto Superior Maria M\u00e3e de \u00c1frica (ISMMA), \u00e9 uma Institui\u00e7\u00e3o Acad\u00e9mica Cat\u00f3lica, de n\u00edvel Superior.<br \/>Para o ano de 2022 oferece o curso LICENCIATURA EM TEOLOGIA DE VIDA CONSAGRADA, atrav\u00e9s do qual o lSMMA prop\u00f5e-se a formar e capacitar os religiosos para uma vida consagrada de qualidade.<\/p><p><strong>Objectivos\u00a0<\/strong><\/p><ul><li>Animar a pessoa consagrada para que viva o seguimento radical de Jesus Cristo, a sua miss\u00e3o e espiritualidade espec\u00edfica;<\/li><li>Desenvolver a capacidade de discernir a vida a partir da pr\u00f3pria consagra\u00e7\u00e3o;<\/li><li>Cultivar e aprofundar a voca\u00e7\u00e3o e consagra\u00e7\u00e3o, em di\u00e1logo com a cultura e a sociedade actual.<\/li><\/ul><p><b>Destinat\u00e1rios<\/b><\/p><ul><li>Juniores e Consagrados (as) que conclu\u00edram a 12\u00aa classe ou equivalente;<\/li><li>Todas as pessoas consagradas interessadas por renovar-se conforme as exig\u00eancias da Igreja, da sociedade e da teologia actual.<\/li><\/ul><p><b>Inscri\u00e7\u00e3o<\/b><strong>\u00a0Novos Ingressos<\/strong><\/p><p>De Novembro de 2021 a Fevereiro de 2022.<br \/>Das 8:00h \u00e0s 12:00h, na Coordena\u00e7\u00e3o da Vida Consagrada &#8211; ISMMA.<br \/>N\u00famero de Vagas:<br \/>\u2022 100 Vagas para Per\u00edodo Laboral<\/p><\/div>\n\t\t\t\t<\/div>\n\t\t\t\t\t\t\t<div class=\"elementor-toggle-item\">\n\t\t\t\t\t<div id=\"elementor-tab-title-2102\" class=\"elementor-tab-title\" data-tab=\"2\" role=\"button\" aria-controls=\"elementor-tab-content-2102\" aria-expanded=\"false\">\n\t\t\t\t\t\t\t\t\t\t\t\t<span class=\"elementor-toggle-icon elementor-toggle-icon-left\" aria-hidden=\"true\">\n\t\t\t\t\t\t\t\t\t\t\t\t\t\t\t<span class=\"elementor-toggle-icon-closed\"><i class=\"fas fa-caret-right\"><\/i><\/span>\n\t\t\t\t\t\t\t\t<span class=\"elementor-toggle-icon-opened\"><i class=\"elementor-toggle-icon-opened fas fa-caret-up\"><\/i><\/span>\n\t\t\t\t\t\t\t\t\t\t\t\t\t<\/span>\n\t\t\t\t\t\t\t\t\t\t\t\t<a class=\"elementor-toggle-title\" tabindex=\"0\">Forma\u00e7\u00e3o da \u00e1rea religiosa para candidatas \u00e0 Vida Consagrada (Postulantes)<\/a>\n\t\t\t\t\t<\/div>\n\n\t\t\t\t\t<div id=\"elementor-tab-content-2102\" class=\"elementor-tab-content elementor-clearfix\" data-tab=\"2\" role=\"region\" aria-labelledby=\"elementor-tab-title-2102\"><p><strong>Grau Acad\u00e9mico<\/strong><\/p><p>Licenciatura<\/p><p><strong>Dura\u00e7\u00e3o do Curso<\/strong><\/p><p>4 anos<\/p><p>1\u00ba Semestre: de Fevereiro at\u00e9 Julho<br \/>2\u00ba Semestre: de Julho at\u00e9 Novembro<\/p><p>As aulas s\u00e3o das 07:15h \u00e0s 12:20h<br \/>POSTULANTES: Segundas, Ter\u00e7as e Quartas.<\/p><p><strong>Regime de Estudo\u00a0<\/strong><\/p><p>Presencial<\/p><p><strong>Perfil<\/strong><\/p><p>O Instituto Superior Maria M\u00e3e de \u00c1frica oferece um Curso de forma\u00e7\u00e3o inicial para Postulantes<br \/>\u00c9 uma s\u00edntese de forma\u00e7\u00e3o crist\u00e3 e religiosa b\u00e1sica para a Vida Consagrada. Com ele obt\u00eam-se uma forma\u00e7\u00e3o que completa o trabalho das mestras e ajuda ao crescimento pessoal, vocacional e religioso<\/p><p><strong>Objectivos\u00a0<\/strong><\/p><ul><li>Ajudar as formandas a discernir a sua voca\u00e7\u00e3o desde o conhecimento pessoal das suas capacidades pessoais.<\/li><li>Cultivar e aprofundar a voca\u00e7\u00e3o crist\u00e3 para a Vida Consagrada, em di\u00e1logo com a cultura e a sociedade actual.<\/li><li>Adquirir conhecimentos b\u00e1sicos de teologia que completem a sua forma\u00e7\u00e3o.<\/li><\/ul><p><b>Destinat\u00e1rios<\/b><\/p><ul><li>Pr\u00e9-postulantes, Postulantes que se preparam para a Vida Consagrada.<\/li><\/ul><p><b>Requisitos para Inscri\u00e7\u00e3o<\/b><strong>\u00a0<\/strong><\/p><p>1. Carta de apresenta\u00e7\u00e3o do Instituto Religioso.<br \/>2. Preencher a ficha de Inscri\u00e7\u00e3o<br \/>3. Uma fotografia.<br \/>4. Fotoc\u00f3pia do BI autenticada.<br \/>5. Certificado de Habilita\u00e7\u00f5es de 12\u00aa Classe ou equivalente.<\/p><p>\u00a0<\/p><p><strong>NB: \u00c9 indispens\u00e1vel a apresenta\u00e7\u00e3o de todos estes documentos no acto de Inscri\u00e7\u00e3o.<\/strong><\/p><\/div>\n\t\t\t\t<\/div>\n\t\t\t\t\t\t\t<div class=\"elementor-toggle-item\">\n\t\t\t\t\t<div id=\"elementor-tab-title-2103\" class=\"elementor-tab-title\" data-tab=\"3\" role=\"button\" aria-controls=\"elementor-tab-content-2103\" aria-expanded=\"false\">\n\t\t\t\t\t\t\t\t\t\t\t\t<span class=\"elementor-toggle-icon elementor-toggle-icon-left\" aria-hidden=\"true\">\n\t\t\t\t\t\t\t\t\t\t\t\t\t\t\t<span class=\"elementor-toggle-icon-closed\"><i class=\"fas fa-caret-right\"><\/i><\/span>\n\t\t\t\t\t\t\t\t<span class=\"elementor-toggle-icon-opened\"><i class=\"elementor-toggle-icon-opened fas fa-caret-up\"><\/i><\/span>\n\t\t\t\t\t\t\t\t\t\t\t\t\t<\/span>\n\t\t\t\t\t\t\t\t\t\t\t\t<a class=\"elementor-toggle-title\" tabindex=\"0\">Teologia Pastoral<\/a>\n\t\t\t\t\t<\/div>\n\n\t\t\t\t\t<div id=\"elementor-tab-content-2103\" class=\"elementor-tab-content elementor-clearfix\" data-tab=\"3\" role=\"region\" aria-labelledby=\"elementor-tab-title-2103\"><p><strong>Grau Acad\u00e9mico<\/strong><\/p><p>Licenciatura<\/p><p><strong>Dura\u00e7\u00e3o do Curso<\/strong><\/p><p>2 anos<\/p><p>O Curso compreende 16 Modulos, correspondentes a 4 semestres, a ser realizados em 2 anos.<br \/>Cada bloco consta de 4 s\u00e1bados.<br \/>As aulas s\u00e3o presenciais, aos s\u00e1bados, das 8:00 \u00e0s 12:00 h.<\/p><p>1\u00ba Semestre: de Fevereiro at\u00e9 Julho<br \/>2\u00ba Semestre: de Julho at\u00e9 Novembro<\/p><p><strong>Regime de Estudo\u00a0<\/strong><\/p><p>Presencial<\/p><p><strong>Perfil<\/strong><\/p><p>O Instituto Superior Maria M\u00e3e de \u00c1frica (ISMMA), \u00e9 uma Institui\u00e7\u00e3o Acad\u00e9mica Cat\u00f3lica, de n\u00edvel Superior.<br \/>Para o ano de 2022 oferece o curso LICENCIATURA EM TEOLOGIA DE VIDA CONSAGRADA, atrav\u00e9s do qual o lSMMA prop\u00f5e-se a formar e capacitar os religiosos para uma vida consagrada de qualidade.<\/p><p><strong>Objectivos\u00a0<\/strong><\/p><ul><li>Real\u00e7ar junto do Povo de Deus a import\u00e2ncia de um testemunho consciente e participativo;<\/li><li>Fornecer forma\u00e7\u00e3o Teol\u00f3gica e Pastoral que possibilite a colabora\u00e7\u00e3o activa na Pastoral da Igreja Local.<\/li><\/ul><p><b>Destinat\u00e1rios<\/b><\/p><ul><li>Agentes de Pastoral da Igreja Local, leigos ou religiosos, enviados pelas respectivas Par\u00f3quias ou Congrega\u00e7\u00f5es Religiosas.<\/li><\/ul><p>\u00a0<\/p><p><strong>N.B<\/strong>: Os estudantes poder\u00e3o participar em todos ou em alguns blocos, mas o ISMMA outorgar\u00e1 o Certificado de Participa\u00e7\u00e3o aos estudantes que tenham participado em todos os blocos.<\/p><\/div>\n\t\t\t\t<\/div>\n\t\t\t\t\t\t\t\t<\/div>\n\t\t\t\t\t\t<\/div>\n\t\t\t\t<\/div>\n\t\t\t\t\t<\/div>\n\t\t<\/div>\n\t\t\t\t\t<\/div>\n\t\t<\/section>\n\t\t\t\t\t\t\t<\/div>\n\t\t\t\t<\/div>\n\t\t\t\t<\/div>\n\t\t\t\t\t\t<\/div>\n\t\t\t\t<\/div>\n\t\t\t\t\t<\/div>\n\t\t<\/div>\n\t\t\t\t\t<\/div>\n\t\t<\/section>\n\t\t\t\t<section class=\"elementor-section elementor-top-section elementor-element elementor-element-d06a0f0 elementor-section-full_width elementor-section-gap-beside-yes elementor-section-height-default elementor-section-height-default elementor-section-content-align-center elementor-section-column-vertical-align-stretch\" data-id=\"d06a0f0\" data-element_type=\"section\">\n\t\t\t\t\t\t<div class=\"elementor-container elementor-column-gap-extended\">\n\t\t\t\t\t<div class=\"elementor-column elementor-col-100 elementor-top-column elementor-element elementor-element-5a1aeed\" data-id=\"5a1aeed\" data-element_type=\"column\" data-settings=\"{&quot;background_background&quot;:&quot;classic&quot;}\">\n\t\t\t<div class=\"elementor-widget-wrap elementor-element-populated\">\n\t\t\t\t\t\t<div class=\"elementor-element elementor-element-bb81ce6 elementor-absolute elementor-widget elementor-widget-text-editor\" data-id=\"bb81ce6\" data-element_type=\"widget\" data-settings=\"{&quot;_position&quot;:&quot;absolute&quot;}\" data-widget_type=\"text-editor.default\">\n\t\t\t\t<div class=\"elementor-widget-container\">\n\t\t\t\t\t\t\t\t\t<p>GARANTE O TEU FUTURO<\/p><p>\u00a0<\/p>\t\t\t\t\t\t\t\t<\/div>\n\t\t\t\t<\/div>\n\t\t\t\t<div class=\"elementor-element elementor-element-4826415 elementor-widget elementor-widget-text-editor\" data-id=\"4826415\" data-element_type=\"widget\" data-widget_type=\"text-editor.default\">\n\t\t\t\t<div class=\"elementor-widget-container\">\n\t\t\t\t\t\t\t\t\t<p>COM UMA FORMA\u00c7\u00c3O S\u00d3LIDA<\/p>\t\t\t\t\t\t\t\t<\/div>\n\t\t\t\t<\/div>\n\t\t\t\t<div class=\"elementor-element elementor-element-7c7ff91 elementor-align-center elementor-widget elementor-widget-tm-separator\" data-id=\"7c7ff91\" data-element_type=\"widget\" data-widget_type=\"tm-separator.default\">\n\t\t\t\t<div class=\"elementor-widget-container\">\n\t\t\t\t\t\t\t<div class=\"tm-separator horizontal-line\">\n\t\t\t<div class=\"inner\"><\/div>\n\t\t<\/div>\n\t\t\t\t\t\t<\/div>\n\t\t\t\t<\/div>\n\t\t\t\t\t<\/div>\n\t\t<\/div>\n\t\t\t\t\t<\/div>\n\t\t<\/section>\n\t\t\t\t<\/div>\n\t\t","protected":false},"excerpt":{"rendered":"<p>GARANTE O TEU FUTURO \u00a0 COM UMA FORMA\u00c7\u00c3O S\u00d3LIDA<\/p>\n","protected":false},"author":1,"featured_media":0,"parent":0,"menu_order":0,"comment_status":"closed","ping_status":"closed","template":"","meta":{"footnotes":""},"class_list":["post-3968","page","type-page","status-publish","hentry","post-no-thumbnail"],"_links":{"self":[{"href":"https:\/\/ismma.ac.mz\/site\/wp-json\/wp\/v2\/pages\/3968","targetHints":{"allow":["GET"]}}],"collection":[{"href":"https:\/\/ismma.ac.mz\/site\/wp-json\/wp\/v2\/pages"}],"about":[{"href":"https:\/\/ismma.ac.mz\/site\/wp-json\/wp\/v2\/types\/page"}],"author":[{"embeddable":true,"href":"https:\/\/ismma.ac.mz\/site\/wp-json\/wp\/v2\/users\/1"}],"replies":[{"embeddable":true,"href":"https:\/\/ismma.ac.mz\/site\/wp-json\/wp\/v2\/comments?post=3968"}],"version-history":[{"count":0,"href":"https:\/\/ismma.ac.mz\/site\/wp-json\/wp\/v2\/pages\/3968\/revisions"}],"wp:attachment":[{"href":"https:\/\/ismma.ac.mz\/site\/wp-json\/wp\/v2\/media?parent=3968"}],"curies":[{"name":"wp","href":"https:\/\/api.w.org\/{rel}","templated":true}]}}